-23).
48
Calculate -85 - (-9 + (4 - (16 + 4))).
-60
What is 159 + -57 + (-137 - -116)?
81
Calculate (-1 - (0 + -27)) + 55 + (33 - 88).
26
Calculate 16 + -51 - (-12 + 25 + -7 + -8 + -1).
-32
Evaluate -148 + 18 + 301 + -36.
135
Calculate (-14 - (-7 - 1)) + (3 - -3) + (-46 - -72).
26
Evaluate (-1 + 1 - (4 - 7) - (69 + -63)) + 40.
37
What is the value of (-65 - (-106 + 55)) + 4?
-10
What is -531 - -523 - (60 - (-1 + 0))?
-69
What is (-20 - (0 + 2)) + 3019 + -3011?
-14
Evaluate 49 + (37 - (68 + 15)).
3
Evaluate 13 + 13 + (-3 - 7) + -7 + 18.
27
What is -25 + 165 + (0 + -56 - -23)?
107
43 + -81 + (-3 - -9 - -10)
-22
Calculate (23 - -14 - 30) + (-8 - -17).
16
-96 + 48 - (42 + -35 - (-1 - -9) - 0)
-47
Evaluate 15 - 7 - (40 - 11).
-21
(-79 - (-61 + -5)) + -32
-45
What is the value of 29 + (72 - 30) - 34?
37
What is 1 - (-2 - ((-2 - 8) + -31 + (-8 - -6)))?
-40
What is (112 - 110) + -5 + -5 + -82 + 3 + -10?
-97
(-40 - (22 - 22)) + 51
11
0 - -2 - -2 - (3 + 2 + -4 + 0)
3
(5 - (9 - 3)) + (-13 + (17 - 6) - -6)
3
Calculate (-9 - (-13 + 31)) + 45.
18
Evaluate 42 - (-48 + 44) - 3.
43
0 + -125 + (45 - (-34 + 61))
-107
Evaluate (-106 - -61 - -15) + 43 + 0.
13
Evaluate -1 - -29 - (4 - 10 - (-10 + -9)).
15
Evaluate 18 + (-6 + 4 - -1 - -4).
21
What is -10 + -1 - (17 + (48 - 78) - 81)?
83
What is the value of (-73 + 62 - -10) + -4 + 2 + 140?
137
(-67 - -82 - (9 - -8)) + 17
15
-67 - (-33 + -22 + 81 + (-17 - -2))
-78
-3 + (-12 - (3 + (1 - 1 - 1)))
-17
Calculate -70 + 17 + (-16 - (-25 + 14)).
-58
What is -1 + -41 + (-425 - -235) + 178?
-54
What is the value of (49 + 0 - (1059 + -916)) + -23?
-117
20 + -30 + -63 + 0 + 30
-43
Evaluate -23 + 0 + -142 + 287 + -141.
-19
What is (-5 - 6) + 28 + -64 + (4 - 3)?
-46
What is (75 - 32) + -92 + (-3 - 28)?
-80
What is the value of -2 - -1 - ((-8 + -7 - -6) + -5)?
13
What is 54 + 52 + (-6 - 45)?
55
Calculate -9 + (6 + -3 + -51 + 8 - -10 - 11).
-50
Calculate 6 + -1 + -11 + 14 + 1 + -43.
-34
Evaluate 61 - (15 - (26 + -17 - 4)).
51
What is 4 - (27 - 11) - (0 + 0 + (12 - 24))?
0
What is the value of -104 + 14 - (96 - 89)?
-97
What is 113 - (73 + 21 + -35)?
54
What is -93 + (86 - (-52 + 75))?
-30
What is (240 - 71) + -175 - (92 + 1)?
-99
28 + 10 + -42 + -8 + -7 + -1
-20
Calculate (-3 - (-1 - -1)) + (17 - 32) + 2 + 2.
-14
What is -4 - -21 - (16 + (-23 - -29))?
-5
(-17 - 1) + (12 + -31 - (4 - 35)) + -12
-18
Evaluate 23 + (6 - -6) + (74 - 124).
-15
What is the value of 10 + (-32 + 18 - 4) + (-2 - -4) + -17?
-23
What is the value of -12 + -37 + 56 + 2 + (0 - 0) + 50?
59
Calculate (-14 - 0 - -33) + -84 - (-1 + 6).
-70
Evaluate (4 + -12 - (16 + -15)) + (2 - -2).
-5
Calculate (5 - (-22 + -6)) + -1 + 4 + -3 + 15.
48
Evaluate -127 + 102 + -6 + (0 - (0 - -1) - -5).
-27
What is (1 - -2) + -82 + (65 - -97)?
83
What is -9 + -3 + -12 + 11 - -7 - 5?
-11
What is (-77 - -78 - (7 + -1 + -1)) + -6 - 14?
-24
What is -158 + (-21 - -146) + 109?
76
-17 - (-6 - -9) - (-160 + 29 + 48)
63
Evaluate 7 - (-9 + 25 + (10 + -20 - (5 + -15))).
-9
What is the value of -55 - (16 - (13 - 17 - (24 - 13 - 24)))?
-62
Evaluate -56 - -52 - (-15 - -21) - (-40 - 0 - 2).
32
What is (-22 - -1) + -2650 + 2740?
69
Evaluate -21 - (20 - (-11 + 25 + -33 + 41)).
-19
Evaluate -22 - (2 - -26) - (2 - (-2 + 2 + 1)).
-51
-702 + 697 - (-16 + (0 - 3) + 6)
8
-4 + (-12 - -31) - 36 - (3 + -4)
-20
29 + (-29 - -4) + (-11 - -9) + (70 - -3)
75
Calculate 1 - 6 - (-63 - (35 + -25) - -65).
3
Evaluate -4 + (17 - (-2 - 0)) + (41 - 43) - 6.
7
Calculate (7 - 2) + 3 + -1 - (49 + 68 - 101).
-9
What is the value of (-36 - (20 - -27)) + 41?
-42
Calculate (-6 - -72) + (-768 - -743).
41
0 - 0 - 16 - (2073 + -2076)
-13
What is 11 + 52 + -13 - 58?
-8
What is the value of (-107 - (-33 + -20 + 12)) + (-11 - -4)?
-73
What is the value of (-48 - (39 + -146)) + -16?
43
Calculate (-1 - (26 - 10 - 42) - 9) + -73.
-57
Evaluate 1 + 20 + -11 + -12 - (53 - 3).
-52
What is the value of 246 + -206 + 6 + -59?
-13
What is the value of 0 + (23 - -1) + (18 + -60 - -32) + 39?
53
What is the value of -82 + -81 + 79 - -29?
-55
Evaluate 11 + -51 + 1 + (42 + 7 - 48).
-38
1 + -4 - ((46 - 10) + -42) - 9
-6
What is the value of (-237 - -169 - (-8 - -1)) + (21 + -13 - 12)?
-65
Evaluate -188 + (246 - 39) + -79.
-60
Evaluate 5 - 24 - (-13 - -44) - (7 - (3 - 3)).
-57
Evaluate 128 + 8 - (1870 - 1628).
-106
What is the value of (-36 + -18 - -44) + -24?
-34
Calculate 56 - ((-36 - (-34 + 0)) + (-3 - 3)).
64
Calculate -35 - (-10 - ((0 + -7 - (47 + -51)) + 4)).
-24
Evaluate (-42 - -2) + (-1071 - -1140).
29
What is the value of (13 - 4) + 12 + -31 - 39?
-49
What is the value of (-127 - -82) + (-5 - -4 - -25)?
-21
-304 + 140 + 22 + 153
11
Calculate -96 - ((-63 - -62) + -42).
-53
Calculate 8 + (6 + (-11 - (-4 - -3)) - 3).
1
What is the value of (-59 - (13 + -54) - (1 + -6)) + -42?
-55
249 - 318 - ((-7 - -8) + -7)
-63
Calculate 5 + (10 + 1 - 5 - -4) + (38 - 58).
-5
Calculate -12 + -4 - (7 + 4 + -31 + -32).
36
(1311 - 1304) + (-2 - 5)
0
Evaluate 39 + 3 - (-173 + 193).
22
What is (96 - (3 - 6)) + (13 - -12 - 56) + 19?
87
Calculate 152 + (80 - (183 + 163)).
-114
What is the value of -6 - 22 - (5 + 1) - (-107 - -98)?
-25
-52 - (65 - 47 - 43)
-27
Evaluate 5 + -7 + -14 + 2 + -15 + -30.
-59
-22 - (-21 - (5 + -18 + 59))
45
(-19 - 7) + 47 - -33
54
20 - (4 - (6 + 13 + (-12 - 1)))
22
Evaluate -12 + (-15 - (6 + -1 + -6 + 5)) - 6.
-37
What is the value of 5 - ((27 - 61) + -8) - (1 - -1 - -9)?
36
What is -29 - ((-354 - -335) + -12 + 4 + 2)?
-4
-29 + (2 + 2 + 0 - (-24 + 42) - -3)
-40
What is 26 + 30 + (-10 - (23 - 37))?
60
16 - 3 - (31 - (-115 - -26 - -34))
-73
Evaluate (-14 - -49) + (3 - 20) + 50.
68
Evaluate -8 + -2 + -7 + 26 + -11.
-2
What is the value of 19 + 6 + -22 - ((-1 - (10 + 7)) + -6)?
27
What is the value of (2 - (3 + 3) - -31) + (-91 - -26) + 62?
24
Evaluate 46 + -47 + (9 - 14).
-6
What is the value of 12 + -56 + -26 + 74?
4
Calculate 28 + (-34 - -5) + 38.
37
Evaluate 33 + (57 - (175 - 21)).
-64
Calculate -13 + 1 + 6265 + -6254 - (2 + -75).
72
What is the value of 21 + -44 + -11 + 42 + -99?
-91
57 - (44 + -2 + 21)
-6
What is 12 - 31 - 3 - -8?
-14
Calculate 18 - ((-15 - (-57 - 5)) + -7) - 98.
-120
-2 + 4 + 41 + (76 - (-20 - -109))
30
What is the value of 38 - 2 - (-20 + 22) - 23?
11
What is 620 + -622 + (-61 - -2)?
-61
13 + -2 - (1 - 0 - (176 - 170))
16
What is (9400 - 9441) + (0 - -30)?
-11
What is the value of -17 + (-39 - -67) + -28 + -2 + -2?
-21
What is (3 - (-27 - (-24 - -12) - -15)) + 1 + -36?
-32
(-74 - -36 - -27) + 1 + 13 - 48
-45
Calculate -6 + -10 + 5 + (144 + -51 - 66).
16
What is 14775 + -14764 - (26 + 0)?
-15
Evaluate 5 + -5 - (-2 + -5) - (-55 - (-32 - -21)).
51
Calculate (0 - 1) + 71 + (-52 - -16) + 27 + 16.
77
What is the value of -20 - -16 - (-15 - (13 - 15 - 15))?
-6
What is (13019 - 13014) + (63 - 0) + -1 + 0 + -8?
59
What is 108 + -4 - (2666 - 2653)?
91
(-43 + -12 - -37) + 57
39
9 - (23 - 34 - -17) - -21
24
Calculate -35 + 0 + (-12 - (-8 - -3)) + -2.
-44
What is the value of (-10 - -7 - -116 - -4) + (677 - 658)?
136
What is (-100 - -4) + (-19 - (-4 - -4)) + 4 - -5?
-106
(25 - 99) + (-42 - -114)
-2
Evaluate 107 + (162 - 7) + -364.
-102
Calculate (69 - 0) + -280 + (-19 - -290).
60
What is 29 + (-59 - -28 - -20 - (0 + -14))?
32
Evaluate -15 + 48 + 0 + -548 + 556.
41
What is 45 - (-20 - -52) - 2?
11
Evaluate 79 + (23 - 27) + -33.
42
What is (-2 - -18 - 0) + 126 + -175?
-33
What is -8 + -8 + -22 + 26 + (-2 + 4 - 24)?
-34
Calculate (6 - (-19 - -29) - -1) + (-3 - 0).
-6
What is the value of -38 - 8 - -36 - ((89 - 2) + -4)?
-93
What is the value of -46 - -11 - (14 - (-40 + 46))?
-43
What is the value of (-8 - (-8 + 0 + 2) - 1) + (-9 - -60)?
48
Calculate -71 + 0 + (188 - (260 + -71)).
-72
20 + (3 - (34 - (39 - 21)))
7
What is the value of -15 - (-14 + 26 + 0 + -12)?
-15
What is -61 + 69 + (-47 - (-1 + (4 + -3 - -2)))?
-41
Calculate -9 - (-16 - (1 + (5 - 14)) - 11).
10
Evaluate -128 + (24 - (-17 + (15 - (-29 + 15)))).
-116
41 + 2 - (8781 - 8724)
-14
What is the value of -183 + 103 + 95 + 82?
97
What is the value of -20 + 15 + (20 - 40) + (4 - -1)?
-20
32 + -38 + 5 + (49 - (10 + 3))
35
What is the value of (-73 - (84 - 145)) + (27 - 0) + 60?
75
Evaluate 14 - (-12 + -3 - -9 - -26).
-6
(21 + (-21 - 4) - (6 - 17)) + 0 + -16
-9
What is (-2 + -5 + 52